 4/(-22) - 1821/(-33)?
5, 11
Suppose -r - 4*w = 1, 5*r + 4*w - 36 = 7. What are the prime factors of r?
11
Let m(l) = l**2 - 9*l - 14. What are the prime factors of m(-6)?
2, 19
Suppose -4*r + d - 4*d + 14 = 0, r - 11 = 3*d. Suppose 5 = -r*s, 3*g + 3*s = g + 9. What are the prime factors of g?
2, 3
Let y(t) = 4*t - 5. Let a be 0 - -3 - 8/(-2). Let u be y(a). Let k = -15 + u. What are the prime factors of k?
2
Let b = 20 - 54. Let n(t) = -t**3 + 9*t**2 + 5*t + 3. Let z be n(9). Let a = z + b. List the prime factors of a.
2, 7
Suppose -235 - 129 = -7*d. List the prime factors of d.
2, 13
Suppose -f + 77 - 18 = 0. List the prime factors of f.
59
Let k be 1/1 - 4 - 5. Let b = 6 - k. What are the prime factors of b?
2, 7
Suppose 12*g - 72 = 9*g. What are the prime factors of g?
2, 3
Let n(l) be the third derivative of -l**5/60 + l**4/4 - l**3/2 - l**2. Suppose 0 = -2*z + 6*z - 20. List the prime factors of n(z).
2
Suppose -3*j = -5*j + 8. Suppose c + j*c = 10. List the prime factors of c.
2
Suppose -s = -2*f - 199 - 2, s + 2*f - 221 = 0. List the prime factors of s.
211
Let w(h) = -h**2 + 7*h - 4. Let g be w(6). Let x = 0 + g. Suppose 6 = 2*u + 2*a, -x*a = 3*u + u - 10. List the prime factors of u.
2
Let h(u) = u**2 - 3*u - 1. Let c be h(4). Suppose 4*n - c*d - 73 = 0, -4*n + 57 = -2*d - 17. What are the prime factors of n?
19
Suppose 0 = -m + 4 + 20. What are the prime factors of m?
2, 3
Let t be (-6)/(-21) - (-4)/(-14). Let w = t - -8. List the prime factors of w.
2
Suppose 0*c - 4 = -c. Suppose c*u = 2*u + 4*h - 82, 0 = -u + 3*h - 43. Let y = -23 - u. What are the prime factors of y?
2, 7
Let q = 372 + -152. List the prime factors of q.
2, 5, 11
Let h(b) = -2*b - 6. Let y(f) = -2*f**2 + 3*f - 3. Let i be y(2). Let q be h(i). Suppose q*c = -c + 20. What are the prime factors of c?
2
Suppose -156 = -5*d + 2*d. Suppose 3*f = d + 2. What are the prime factors of f?
2, 3
Suppose 5*v + 26 = 6, v + 44 = 4*s. List the prime factors of s.
2, 5
Let d = -3 + 10. Let f = 2 + d. What are the prime factors of f?
3
Suppose -3*b = -2*k + 16, -3*k + 5*b = 15 - 39. Suppose 4*o + 1 + 3 = 5*j, -k = -2*o. List the prime factors of j.
2
What are the prime factors of (-4 - -305) + 5 + -7?
13, 23
Let p(i) = 7*i + 4. Let s be p(8). Suppose -5*c = -0*c - s. Suppose a - c = -a. What are the prime factors of a?
2, 3
Suppose 5*f - 3*v - 194 = 0, -3*v = -2*f + v + 86. List the prime factors of f.
37
Let p = -11 + 16. Suppose k - 26 = -p*o, 3*o = k + 2*o - 2. List the prime factors of k.
2, 3
Suppose -4*a - 120 = a - 5*r, 66 = -4*a - 2*r. Let c(o) = 8*o - 4. Let y be c(4). Let i = a + y. List the prime factors of i.
3
Suppose 3*f + r - 60 = -2*f, -2*f = 4*r - 24. What are the prime factors of f?
2, 3
Let t = -81 - -147. List the prime factors of t.
2, 3, 11
Let k(n) = 8*n + 2. Let p be k(-5). What are the prime factors of p/(-5) - (-2)/5?
2
Let f(b) = 2*b - 4. Let t be f(3). Suppose -4*x + 8 = 0, 5*z = -t*x + 6 + 28. Suppose -2 = q - z. What are the prime factors of q?
2
Let v(g) = g**2 - 5*g + 2. Let j be v(4). Let o be 2 + 12 - 2*-1. List the prime factors of (j - -3)/(-1) + o.
3, 5
Suppose -5*q + 3*s = -229 - 325, -5*s = 5*q - 530. List the prime factors of q.
109
Suppose 343 = 3*b + 4*j + 27, -428 = -4*b - 2*j. List the prime factors of b.
2, 3
List the prime factors of (3 + -1)*50/5.
2, 5
Suppose -7 = -2*w + 25. Suppose 0*q + 23 = 3*o - 5*q, 0 = -2*o + 4*q + w. List the prime factors of o.
2, 3
Let k(n) = -2*n + 10 + 4*n - n**2 + 6*n. What are the prime factors of k(8)?
2, 5
Suppose -9*w = -755 - 1864. What are the prime factors of w?
3, 97
Let y = 297 + -33. List the prime factors of y.
2, 3, 11
Suppose 0 = -h + 65 + 77. List the prime factors of h.
2, 71
Let n = -4 - -8. Suppose g - 2*z = -z + 1, -2*g - 8 = -n*z. List the prime factors of g.
2, 3
Let i(b) = -b**3 + 11*b**2 - 7*b + 12. What are the prime factors of i(10)?
2, 3, 7
Let v = 31 + 7. What are the prime factors of v?
2, 19
Let a be 2*2/(12/(-33)). Let t = 5 - a. List the prime factors of t.
2
Let o = -26 + 49. What are the prime factors of o?
23
Let b = -16 + 22. Suppose -10 = -2*s + b. What are the prime factors of 1*(-1*2 + s)?
2, 3
Let n = -60 - -105. List the prime factors of n.
3, 5
Let i be (-2)/(-4) + 9/(-2). Let b(f) = 2*f - 6. Let o(q) = -3*q + 12. Let p(w) = -9*b(w) - 5*o(w). List the prime factors of p(i).
2, 3
Let h(y) = 16*y**2 + 0 - 1 - 3*y + y + 2. Let z be h(2). Suppose -5*k = -z - 9. List the prime factors of k.
2, 7
Suppose 4 = -t + 12. Suppose -32 = 5*v + t. What are the prime factors of v/20 + (-164)/(-10)?
2
Let t be 0 + 2 + -1 + -1. Suppose -2*d + 5*n + 20 = 2*d, t = 3*d - 2*n - 8. Suppose d = 2*y - 3*y + 3. List the prime factors of y.
3
Let z be 1*0*(1 + -2). Suppose -5*m - 3*x + 157 = z, -m - x - 33 = -2*m. Let n = -20 + m. What are the prime factors of n?
2, 3
Suppose -5*z - 97 = -27. Let n(v) = v**3 - 6*v**2 + 4*v + 6. Let o be n(5). List the prime factors of -1 - o - (1 + z).
11
Let a(w) = -w**3 - w**2 + 3*w - 4. Let r = 11 + -8. Suppose -6 + r = f. What are the prime factors of a(f)?
5
Suppose 2*x = 29 + 5. What are the prime factors of x?
17
Let x = -3 - -7. Suppose x = 5*l - 21, -l = 5*y - 50. List the prime factors of y.
3
Suppose 0 = 4*j + j - 15. Suppose -j = -b + 20. Suppose b = 2*m - 3*x, -3*m + 19 + 10 = x. List the prime factors of m.
2, 5
Let y = 82 + -50. What are the prime factors of y?
2
Let f(o) = -o - 11. Let p be f(-5). List the prime factors of (-9)/6*8/p.
2
Suppose 3*w + 32 = v, -v + 2*w = -22 - 6. Let a(n) = -3*n - 4. Let z be a(-3). Let x = v - z. What are the prime factors of x?
3, 5
Let d = 14 + -14. Suppose 3*k = 3*w - 18, 3*w = -d*w - 5*k + 26. What are the prime factors of w?
7
Let y(x) = -18*x**3 - 3*x - 2. Let j(t) = -54*t**3 + t**2 - 9*t - 5. Let u(g) = -3*j(g) + 8*y(g). What are the prime factors of u(1)?
17
Let z(g) = 16*g**2 + g. What are the prime factors of z(-1)?
3, 5
Suppose -3*l + 0*l = -6. Suppose -h + 3*q = -0*h - 3, -q + l = 0. What are the prime factors of h?
3
Suppose -3*g = t - 16, 2*t = -0*g + 2*g - 16. Suppose -l + g*l = 15. Suppose -l*y + y = -14. List the prime factors of y.
7
Suppose -4*k - s + 252 = 0, -3*k - 2*s + 200 = -4*s. List the prime factors of k.
2
Let h = -1 + 5. Let k be 0 + h + 1 + -1. Suppose -6 = -k*c + 2. What are the prime factors of c?
2
List the prime factors of (-20)/1*(-13)/26.
2, 5
Let u(c) = -c - 1. Let q be u(-6). Let j(i) = i**2 - 1. Let o be j(2). Suppose o*m - q = 28. What are the prime factors of m?
11
What are the prime factors of -2 - (2702/(-21))/((-4)/(-6))?
191
Suppose 0 = 4*c - 8*c + 4. Suppose 0*v = v - c. Let f(k) = 6*k. List the prime factors of f(v).
2, 3
Suppose -3 = 3*c, 3*d + 20 = 4*c + 3. List the prime factors of (3/3)/(-1)*d.
7
Suppose 4*q - 5*q = 3*i - 10, -2*q + 38 = -3*i. Suppose 5*a - 49 = q. What are the prime factors of a?
13
Suppose -2*s + 577 = s - 5*b, b - 4 = 0. List the prime factors of s.
199
Let g(q) = -5*q + 5*q + 2*q + 2*q**2. What are the prime factors of g(-2)?
2
Let i be (4 + -15)*1/1. Let v(p) = p**3 + 11*p**2 - 3*p - 4. What are the prime factors of v(i)?
29
Let o = 7 + -5. Suppose 4*m = o*m + 30. What are the prime factors of m?
3, 5
Suppose -5*n + 5*s = 190, -3*s - 99 = 3*n + 39. Suppose -q + 3*w = q - 7, 0 = -q + 2*w + 4. List the prime factors of (q + 1)*n/(-9).
2, 7
What are the prime factors of 3 + 2/(-3)*(-3)/2?
2
Let p = -5 - -9. Let j = p + -2. Suppose n - j = 1. What are the prime factors of n?
3
Let a = -2 + 8. Let z be (1 - -2)/(a/4). Suppose -4*c = -z*c - 16. List the prime factors of c.
2
Suppose 0*v + 10 = -5*v. Let w(s) = -3*s**3 - 2*s**2 - s - 3. List the prime factors of w(v).
3, 5
Let d be (2/(-6))/((-1)/(-3)). What are the prime factors of (1 + -13)/(2/d)?
2, 3
Let r = -6 - -11. Suppose -4*z - 9 = k, 5*z = r*k - 23 - 57. List the prime factors of k.
11
Let p(i) = -i**3 + 8*i**2 + 5. Let m be p(8). Let g be (-24)/(-9)*9/4. Suppose a = 2*h + 3*a + 4, 0 = -m*h - 4*a - g. List the prime factors of h.
2
Let o = 24 + -51. Let i = -41 - o. Let y = 24 + i. What are the prime factors of y?
2, 5
Let g = 7 - 7. Let q = 8 - g. Suppose 0 = -q*v + 3*v + 70. List the prime factors of v.
2, 7
Suppose 3*p - p + 4*v = 4, 5*p - 2*v - 10 = 0. Suppose -2*b + 3*h + 2 =